f 1768744?
2, 221093
What are the prime factors of 1559675?
5, 13, 4799
What are the prime factors of 11749709?
11749709
What are the prime factors of 34978611?
3, 29, 402053
What are the prime factors of 514788?
2, 3, 42899
List the prime factors of 4148370.
2, 3, 5, 46093
What are the prime factors of 4393308?
2, 3, 269, 1361
What are the prime factors of 913511?
127, 7193
List the prime factors of 1768546.
2, 13, 251, 271
List the prime factors of 2622009.
3, 13, 67231
List the prime factors of 1949344.
2, 60917
What are the prime factors of 50281?
7, 11, 653
What are the prime factors of 2839533?
3, 946511
List the prime factors of 196998.
2, 3, 32833
What are the prime factors of 544705?
5, 7, 79, 197
What are the prime factors of 2132650?
2, 5, 13, 17, 193
What are the prime factors of 19298?
2, 9649
What are the prime factors of 245914?
2, 122957
List the prime factors of 2106601.
7, 151, 1993
What are the prime factors of 24257647?
71, 149, 2293
What are the prime factors of 265984?
2, 1039
List the prime factors of 629235.
3, 5, 59, 79
What are the prime factors of 4638053?
7, 191, 3469
What are the prime factors of 938034?
2, 3, 29, 599
List the prime factors of 753371.
59, 113
What are the prime factors of 959282?
2, 293, 1637
List the prime factors of 7111300.
2, 5, 7, 10159
What are the prime factors of 9049381?
11, 822671
What are the prime factors of 276481?
151, 1831
List the prime factors of 486314.
2, 243157
What are the prime factors of 10070?
2, 5, 19, 53
What are the prime factors of 455926?
2, 311, 733
What are the prime factors of 419375?
5, 11, 61
List the prime factors of 2300940.
2, 3, 5, 4261
What are the prime factors of 32989765?
5, 6597953
What are the prime factors of 2836842?
2, 3, 431, 1097
What are the prime factors of 2439966?
2, 3, 406661
List the prime factors of 1112198.
2, 281, 1979
What are the prime factors of 576686?
2, 11, 2383
List the prime factors of 390689.
13, 41, 733
What are the prime factors of 64410?
2, 3, 5, 19, 113
What are the prime factors of 275434?
2, 17, 8101
What are the prime factors of 632596?
2, 167, 947
List the prime factors of 10117560.
2, 3, 5, 84313
List the prime factors of 321699.
3, 7, 15319
List the prime factors of 709025.
5, 79, 359
List the prime factors of 191982.
2, 3, 7, 653
What are the prime factors of 572099?
11, 52009
What are the prime factors of 1486919?
7, 37, 5741
What are the prime factors of 1510075?
5, 7, 8629
List the prime factors of 21995219.
109, 201791
What are the prime factors of 27077421?
3, 7, 1289401
List the prime factors of 57104.
2, 43, 83
What are the prime factors of 88447?
241, 367
List the prime factors of 20444090.
2, 5, 59, 34651
List the prime factors of 1470802.
2, 197, 3733
List the prime factors of 24385505.
5, 619, 7879
What are the prime factors of 30679550?
2, 5, 11, 461
List the prime factors of 7111344.
2, 3, 148153
What are the prime factors of 53260?
2, 5, 2663
List the prime factors of 5523066.
2, 3, 103, 331
What are the prime factors of 12218459?
11, 241, 419
What are the prime factors of 1008414?
2, 3, 11, 463
What are the prime factors of 23746153?
173, 317, 433
What are the prime factors of 2428752?
2, 3, 50599
List the prime factors of 118117.
29, 4073
What are the prime factors of 6701553?
3, 17, 43801
List the prime factors of 1378934.
2, 689467
List the prime factors of 161940.
2, 3, 5, 2699
List the prime factors of 313528.
2, 39191
List the prime factors of 454663.
11, 41333
What are the prime factors of 15925039?
13, 17, 23, 241
What are the prime factors of 437642?
2, 127, 1723
What are the prime factors of 742960?
2, 5, 37, 251
What are the prime factors of 21136717?
7, 1451, 2081
What are the prime factors of 906068?
2, 31, 7307
List the prime factors of 16647607.
17, 23, 42577
List the prime factors of 399369.
3, 239, 557
What are the prime factors of 24609410?
2, 5, 7, 351563
List the prime factors of 269886.
2, 3, 31, 1451
What are the prime factors of 3168168?
2, 3, 101, 1307
What are the prime factors of 3211896?
2, 3, 37, 3617
What are the prime factors of 359980?
2, 5, 41, 439
What are the prime factors of 3166555?
5, 7, 90473
What are the prime factors of 898130?
2, 5, 19, 29, 163
What are the prime factors of 386266?
2, 193133
What are the prime factors of 29063081?
17, 1709593
What are the prime factors of 2092320?
2, 3, 5, 1453
List the prime factors of 5271538.
2, 37, 71237
List the prime factors of 10655576.
2, 239, 5573
List the prime factors of 384846.
2, 3, 7, 11, 17
List the prime factors of 1255080.
2, 3, 5, 10459
List the prime factors of 815723.
53, 15391
List the prime factors of 15918460.
2, 5, 17, 46819
What are the prime factors of 5264208?
2, 3, 139, 263
What are the prime factors of 6227580?
2, 3, 5, 271, 383
List the prime factors of 1149505.
5, 7, 32843
List the prime factors of 2370739.
7, 149, 2273
List the prime factors of 916989.
3, 305663
List the prime factors of 533480.
2, 5, 13337
List the prime factors of 5408871.
3, 13, 331, 419
What are the prime factors of 167951?
7, 23993
List the prime factors of 1507562.
2, 7, 257, 419
List the prime factors of 295193.
163, 1811
List the prime factors of 2524156.
2, 631039
What are the prime factors of 1412291?
53, 26647
List the prime factors of 425366.
2, 212683
What are the prime factors of 9066195?
3, 5, 67157
What are the prime factors of 479478?
2, 3, 157, 509
List the prime factors of 564498.
2, 3, 11, 2851
List the prime factors of 11660019.
3, 7, 233, 2383
What are the prime factors of 210767?
19, 11093
What are the prime factors of 652845?
3, 5, 71, 613
List the prime factors of 3827396.
2, 956849
What are the prime factors of 2745668?
2, 686417
List the prime factors of 846859.
13, 5011
List the prime factors of 1370172.
2, 3, 227, 503
List the prime factors of 247896.
2, 3, 11, 313
List the prime factors of 264114.
2, 3, 67, 73
List the prime factors of 2527586.
2, 1263793
What are the prime factors of 1784609?
17, 113, 929
What are the prime factors of 1811022?
2, 3, 509, 593
What are the prime factors of 307939?
307939
List the prime factors of 24012183.
3, 13, 41, 15017
What are the prime factors of 350338?
2, 47, 3727
What are the prime factors of 112763?
7, 89, 181
What are the prime factors of 954287?
954287
What are the prime factors of 301803?
3, 29, 3469
What are the prime factors of 1798154?
2, 347, 2591
What are the prime factors of 1351139?
29, 46591
What are the prime factors of 2943120?
2, 3, 5, 12263
List the prime factors of 2524762.
2, 173, 7297
What are the prime factors of 4147289?
4147289
What are the prime factors of 1663974?
2, 3, 13, 547
List the prime factors of 2466880.
2, 5, 13, 593
List the prime factors of 4056729.
3, 79, 17117
List the prime factors of 446392.
2, 55799
What are the prime factors of 585458?
2, 199, 1471
What are the prime factors of 1700182?
2, 11, 109, 709
What are the prime factors of 4581595?
5, 916319
List the prime factors of 136257.
3, 11, 4129
What are the prime factors of 7856826?
2, 3, 31, 53, 797
List the prime factors of 18155641.
7, 37, 70099
What are the prime factors of 184841?
17, 83, 131
What are the prime factors of 123246?
2, 3, 41, 167
List the prime factors of 8068108.
2, 2017027
What are the prime factors of 185298?
2, 3, 89, 347
What are the prime factors of 2888655?
3, 5, 7, 11, 41, 61
List the prime factors of 11281117.
19, 31, 107, 179
List the prime factors of 39611.
11, 13, 277
What are the prime factors of 294709?
19, 15511
What are the prime factors of 231548?
2, 107, 541
What are the prime factors of 20594983?
20594983
What are the prime factors of 6383326?
2, 71, 44953
List the prime factors of 179834.
2, 89917
What are the prime factors of 560679?
3, 7, 26699
List the prime factors of 1481916.
2, 3, 123493
List the prime factors of 423873.
3, 5233
List the prime factors of 3165640.
2, 5, 29, 2729
List the prime factors of 234935.
5, 19, 2473
List the prime factors of 3675003.
3, 619, 1979
What are the prime factors of 894803?
7, 13, 9833
What are the prime factors of 21511149?
3, 11, 651853
List the prime factors of 767661.
3, 255887
List the prime factors of 20157200.
2, 5, 7, 23, 313
List the prime factors of 7916579.
11, 719689
What are the